57985 is divided by 50228.
5
What is the remainder when 15345 is divided by 1923?
1884
Calculate the remainder when 149805 is divided by 415.
405
Calculate the remainder when 15305410 is divided by 962.
952
Calculate the remainder when 4810920 is divided by 174.
168
Calculate the remainder when 2181968 is divided by 2755.
8
Calculate the remainder when 205814 is divided by 13684.
554
What is the remainder when 2923345 is divided by 243610?
25
Calculate the remainder when 13809499 is divided by 123299.
11
Calculate the remainder when 81955 is divided by 8187.
85
What is the remainder when 2165301 is divided by 7390?
31
Calculate the remainder when 36326373 is divided by 36326365.
8
What is the remainder when 4611472 is divided by 2941?
2925
Calculate the remainder when 23146816 is divided by 7715605.
1
Calculate the remainder when 9500118 is divided by 105.
33
Calculate the remainder when 21949 is divided by 4090.
1499
What is the remainder when 30317690 is divided by 10105895?
5
What is the remainder when 850175 is divided by 1218?
11
What is the remainder when 851611 is divided by 2717?
1190
Calculate the remainder when 431218 is divided by 4357.
4232
What is the remainder when 3801224 is divided by 36202?
14
What is the remainder when 435402 is divided by 2655?
2637
Calculate the remainder when 3782039 is divided by 119.
100
Calculate the remainder when 1127622 is divided by 473.
463
What is the remainder when 2362826 is divided by 455?
11
What is the remainder when 816558333 is divided by 2222?
2219
Calculate the remainder when 383871 is divided by 95658.
1239
What is the remainder when 285351 is divided by 155?
151
Calculate the remainder when 12899241 is divided by 7669.
7652
What is the remainder when 8817 is divided by 1747?
82
What is the remainder when 279315 is divided by 747?
684
What is the remainder when 53443595 is divided by 2654?
2651
Calculate the remainder when 60785 is divided by 2055.
1190
What is the remainder when 11688716 is divided by 8?
4
What is the remainder when 23811709 is divided by 23811694?
15
What is the remainder when 48527 is divided by 15006?
3509
What is the remainder when 42494661 is divided by 1062366?
21
What is the remainder when 1012843 is divided by 530?
13
Calculate the remainder when 1129857 is divided by 188309.
3
What is the remainder when 69814 is divided by 11126?
3058
Calculate the remainder when 16221996 is divided by 6.
0
What is the remainder when 16568315 is divided by 2404?
2351
Calculate the remainder when 561267 is divided by 80093.
616
Calculate the remainder when 210911 is divided by 530.
501
What is the remainder when 49843 is divided by 3416?
2019
Calculate the remainder when 16169493 is divided by 2215.
2208
What is the remainder when 5328167 is divided by 118?
113
Calculate the remainder when 18124573 is divided by 2615.
8
What is the remainder when 6750629 is divided by 62?
7
What is the remainder when 15596965 is divided by 57?
55
Calculate the remainder when 1604164 is divided by 428.
20
What is the remainder when 418176162 is divided by 764?
762
What is the remainder when 6029258 is divided by 669915?
23
What is the remainder when 339596 is divided by 5717?
2293
What is the remainder when 35614164 is divided by 1059?
1053
What is the remainder when 147475 is divided by 28?
27
Calculate the remainder when 542234 is divided by 542232.
2
What is the remainder when 16754198 is divided by 2393441?
111
Calculate the remainder when 973293 is divided by 1296.
1293
Calculate the remainder when 20888 is divided by 347.
68
What is the remainder when 247073 is divided by 468?
437
Calculate the remainder when 950381 is divided by 950112.
269
What is the remainder when 40294795 is divided by 1082?
33
What is the remainder when 131842 is divided by 65750?
342
Calculate the remainder when 3579025 is divided by 50.
25
What is the remainder when 1867204 is divided by 12789?
10
Calculate the remainder when 151636 is divided by 4738.
20
What is the remainder when 2530810 is divided by 4730?
260
Calculate the remainder when 536739 is divided by 76670.
49
Calculate the remainder when 26145597 is divided by 1188435.
27
Calculate the remainder when 31692847 is divided by 31317.
43
What is the remainder when 60979 is divided by 2258?
13
What is the remainder when 92674657 is divided by 112?
33
What is the remainder when 504777 is divided by 2077?
66
Calculate the remainder when 37786716 is divided by 1425.
1416
What is the remainder when 974489423 is divided by 11?
6
What is the remainder when 267397740 is divided by 1714088?
12
What is the remainder when 1743770 is divided by 486?
2
What is the remainder when 95704 is divided by 32?
24
Calculate the remainder when 6282382 is divided by 11.
7
Calculate the remainder when 13560135 is divided by 697.
0
What is the remainder when 121614 is divided by 60398?
818
Calculate the remainder when 13927994 is divided by 1035.
1034
What is the remainder when 1519379 is divided by 10?
9
Calculate the remainder when 41457 is divided by 1892.
1725
What is the remainder when 2057700 is divided by 514417?
32
What is the remainder when 112257 is divided by 208?
145
Calculate the remainder when 378382 is divided by 179.
155
What is the remainder when 2704868 is divided by 1092?
1076
What is the remainder when 84503 is divided by 41183?
2137
Calculate the remainder when 485336 is divided by 11268.
812
Calculate the remainder when 1039397 is divided by 299.
73
What is the remainder when 385735 is divided by 128497?
244
Calculate the remainder when 379659 is divided by 429.
423
Calculate the remainder when 1845540 is divided by 153788.
84
What is the remainder when 29953 is divided by 3919?
2520
Calculate the remainder when 52747 is divided by 3685.
1157
Calculate the remainder when 12332916 is divided by 751.
745
Calculate the remainder when 2824861 is divided by 5562.
4927
What is the remainder when 122259588 is divided by 7?
3
Calculate the remainder when 11729 is divided by 1827.
767
Calculate the remainder when 1221590 is divided by 763.
27
Calculate the remainder when 3718140 is divided by 482.
474
What is the remainder when 19380 is divided by 3225?
30
What is the remainder when 5158372 is divided by 573068?
760
What is the remainder when 6861866 is divided by 1143637?
44
Calculate the remainder when 8874192 is divided by 6487.
6463
What is the remainder when 189224201 is divided by 48?
41
Calculate the remainder when 453637044 is divided by 9012.
0
Calculate the remainder when 103887 is divided by 832.
719
Calculate the remainder when 4186868 is divided by 2093427.
14
Calculate the remainder when 876766 is divided by 5514.
40
Calculate the remainder when 23625 is divided by 1289.
423
Calculate the remainder when 13418929 is divided by 784.
769
Calculate the remainder when 123559435 is divided by 81.
10
What is the remainder when 213845 is divided by 3001?
774
What is the remainder when 609261 is divided by 34?
15
Calculate the remainder when 1887584 is divided by 1989.
23
Calculate the remainder when 1501640 is divided by 750760.
120
What is the remainder when 823795 is divided by 1458?
25
Calculate the remainder when 1608644 is divided by 124.
116
What is the remainder when 7054503 is divided by 2773?
2764
Calculate the remainder when 27532799 is divided by 688319.
39
What is the remainder when 7268511 is divided by 18?
3
Calculate the remainder when 3518248 is divided by 189.
13
Calculate the remainder when 14107666 is divided by 8150.
16
What is the remainder when 16335161 is divided by 108901?
11
Calculate the remainder when 17640001 is divided by 117600.
1
Calculate the remainder when 5232885 is divided by 581430.
15
What is the remainder when 23233935 is divided by 546?
543
Calculate the remainder when 12470239 is divided by 170.
59
What is the remainder when 444314 is divided by 148079?
77
Calculate the remainder when 10290055 is divided by 16759.
29
Calculate the remainder when 6441953 is divided by 2147317.
2
Calculate the remainder when 21654423 is divided by 773372.
7
Calculate the remainder when 641166 is divided by 641015.
151
Calculate the remainder when 46546959 is divided by 11636738.
7
Calculate the remainder when 1058483 is divided by 1446.
11